Let q = 5617 + -3450. What is the highest common divisor of q and 1970?
197
Let k(s) = s**2 + 7*s - 12. Let g be k(-9). Suppose 7*i - 6*i + 31 = -4*c, -4*i - 86 = -3*c. Let t = i - -29. What is the highest common factor of g and t?
6
Let u be 3564/51 + (5109/221 - 23). What is the highest common divisor of u and 95?
5
Suppose 5*u - 776 = -2*y, -80 = 4*u + y - 696. Let f be (-2 - 36)*(-1 + 0). Calculate the greatest common divisor of f and u.
38
Let q(i) = 108*i + 9937. Let h be q(-86). What is the greatest common divisor of 55 and h?
11
Let v = -777 + 747. Let w be (5 - 11)*125/v. What is the highest common factor of 20 and w?
5
Let i be (-1)/5 - 31/(-5). Let y be 7 + 44 - (-2*4)/(-2). Let x = y - 38. Calculate the greatest common factor of x and i.
3
Let d be (56832/(-28))/(-12) + (-1 - 26/(-14)). Calculate the highest common divisor of 410 and d.
10
Suppose 5*t - 70 + 25 = 0. Suppose 1560*g = 1598*g - 798. Calculate the highest common factor of t and g.
3
Suppose -32828 = -29*t + 106135 + 17173. What is the highest common divisor of 16 and t?
8
Suppose -117384 - 48545 - 19575 = -32*n. Calculate the highest common factor of n and 31.
31
Suppose 19 = 3*u - 41. Let s(t) = -t**3 + 43*t**2 - 81*t - 33. Let i be s(41). Calculate the highest common divisor of u and i.
4
Let i = 123 - 186. Let c = 137 + i. Let l = -56 + c. Calculate the greatest common divisor of l and 90.
18
Suppose 15 + 65 = 8*v. Suppose v*l + 6 - 26 = 0. Suppose 0 = -3*y + 3*k + 36, 5*y - l*k = y + 42. Calculate the greatest common factor of 18 and y.
9
Let w be (-30)/(-9)*(1236/20 - 3). Suppose -11*u - 3*u = -w. Calculate the greatest common divisor of u and 196.
14
Let k(b) = -52 - 34 + 130 - 20*b. Let j be k(-8). Calculate the greatest common divisor of 68 and j.
68
Let s = 23855 - 23437. Suppose 2*v = -4, -7*y + 4*v + 46 = -6*y. Calculate the greatest common divisor of y and s.
38
Suppose 6*t + 47*t + 58*t - 16650 = 0. What is the greatest common divisor of 9150 and t?
150
Let r be (-257374)/(-37) + -1 + (-350)/(-370). What is the highest common divisor of 1184 and r?
148
Let n be 4/(((-60)/(-9))/(-10))*-2. Calculate the greatest common divisor of n and 36.
12
Let m(z) = 219*z - 1471. Let f be m(7). Suppose -22*d - 217 = -23*d. Calculate the greatest common divisor of d and f.
31
Let d be 121 + (((-104)/(-78))/((-8)/6) - -1). What is the highest common divisor of 297 and d?
11
Let w = -6088 + 6663. Calculate the highest common factor of 46 and w.
23
Let n be ((-20)/6)/(109/(-1308)). Calculate the greatest common divisor of 4330 and n.
10
Let h(b) be the first derivative of -b**2/2 + 12*b - 5. Let d be 7 + (-260)/36 + 112/18. Let z be h(d). Calculate the greatest common divisor of 54 and z.
6
Let g be 18/4 + 17/(-34). Suppose -g*d = 3*v - 336, -d + 19 + 94 = v. Calculate the greatest common divisor of v and 29.
29
Suppose -10*l = -15*l + 960. Suppose -2*h = 2, -17*j + 3*h = -14*j - l. What is the highest common divisor of j and 63?
63
Let o(a) = a**3 + 23*a**2 - 5*a - 13. Let k(u) = u**2 - 17*u - 23. Let l be k(17). Let z be o(l). What is the greatest common divisor of 153 and z?
51
Let u be 25/(-10)*(-144)/10. Suppose -x + 3*s = -33, -3*s - u = 5*x - 111. Calculate the highest common divisor of 576 and x.
18
Suppose -5*w + s + 802 = 0, -5*w + 4*s + 454 = -324. Let u be (-7568)/(-28) - 4/14. What is the highest common divisor of u and w?
54
Let q(b) = 10*b**2 - 6*b - 10. Suppose 6 = -4*s - 6. Let g be q(s). What is the highest common factor of 56 and g?
14
Let x = 10 + -1. Let b = 24885 + -24774. Suppose 285 = x*a - b. What is the highest common factor of a and 484?
44
Let o(d) = 2*d**2 + 136*d + 1106. Let u be o(-67). Calculate the greatest common divisor of 432 and u.
108
Suppose 101 = -6*q + 7*q + 4*u, 0 = 4*q + 2*u - 418. Suppose 2*d = 2*g - 0*d - 24, -2*g = 4*d - 42. Calculate the highest common divisor of g and q.
15
Suppose 7*a - 672 = -203. Suppose s + 109 = 3*j - 62, 0 = -j - 3*s + a. Calculate the greatest common factor of j and 232.
58
Let w(f) = 2*f**2 + 5*f + 7. Let g be w(-3). Let n = g - -3. Let s = 126 - 22. What is the highest common factor of n and s?
13
Let z be 6*(-6)/54*255/(-5). Let m(x) = -x**3 - 6*x**2 - 2*x - 6. Let y be m(-6). Calculate the highest common divisor of z and y.
2
Let r be 1704*19/399*28. Calculate the greatest common factor of 2130 and r.
142
Let a = -22274 + 29652. What is the greatest common factor of 68 and a?
34
Let f(d) = d**3 + 11*d**2 - 4*d - 6. Let t be f(-11). Let p be (111/(-74))/(((-9)/152)/3). What is the greatest common factor of p and t?
38
Let w(g) = 15*g**3 - 44*g**2 - 12*g + 13. Let a be w(4). What is the highest common divisor of a and 65?
13
Let b(o) = o**2 - 16*o - 1013. Let z be b(-28). What is the highest common divisor of z and 24?
3
Suppose -5*k = -10, 12*a - 13*a + 3*k = -876. What is the highest common divisor of a and 637?
49
Let p be 0*((-3 - -2) + (-2 - -2)). Suppose -1 = -b, -2*b + 2 = -i - p*b. Suppose i = -155*n + 150*n + 340. What is the highest common factor of 34 and n?
34
Let c = 143 + -139. Suppose -c*l - 1120 = -0*z - 5*z, l - 435 = -2*z. What is the highest common divisor of 44 and z?
44
Let s(l) be the first derivative of -12*l**2 + 32*l + 11. Let t be s(-10). Let f = 480 - t. Calculate the greatest common factor of f and 26.
26
Let s be (3 + -1)/(6/93). Suppose 33 = -2*c + 37. Suppose -u - 3*u = -o - 867, -c*u + 2*o = -432. Calculate the greatest common factor of s and u.
31
Let i = -340 + 935. Suppose -132 = -b + 2*j, -5*b + i = -2*j - 33. Calculate the greatest common factor of 31 and b.
31
Suppose -6*k + 624 = 10*k. Let c = 9 + 54. Let d = c - k. What is the highest common divisor of 40 and d?
8
Suppose s + 3*y - 93 = 0, 453 = 2*s + 3*s + 3*y. Let a(t) = -t - 2. Let h be a(-17). Let w be 2/h + (-148)/(-15). What is the highest common divisor of w and s?
10
Let d = 11 + -7. Suppose 84 = -4*g - i, -5*g - 3*i - 105 = -0*i. Let h be g/(-12)*(0 + d). What is the highest common divisor of 14 and h?
7
Let u be (-1320)/(-100)*((-75)/(-10) - 5). What is the greatest common factor of 42273 and u?
33
Let h(t) = -t**2 + 4*t. Let p be h(3). Suppose -2*j = -f + 53, -203 = -f - p*f - j. Suppose -3*n + 75 = -f. Calculate the highest common factor of n and 42.
42
Suppose 2*w + 0 = 110. Suppose -2*f + w = -17. Suppose -344 + 164 = -3*d. What is the highest common factor of d and f?
12
Suppose 2*k - 5 = -3. Let p be k + (0 - 1)/(5/15). Let q be 2 - (2/(-4))/(p/(-12)). Calculate the greatest common divisor of 25 and q.
5
Let k(j) = -j**2 + 21*j + 47. Let q be k(-2). Suppose 374 + q = 5*z. What is the greatest common factor of 150 and z?
75
Let i = 202 + -190. Suppose 5*k = m - 4, -4*k + i = m - 1. Calculate the greatest common divisor of m and 57.
3
Suppose 0 = 9*f - 88 + 61. Suppose -f*a - 2*d = -2*a - 17, -a + 11 = -d. Let u be (-2)/(-9) - (-115)/9. Calculate the greatest common divisor of a and u.
13
Let l = 15 + -10. Suppose 3*f - l*a - 50 = 0, 2*f + 2*a = 3*f - 17. Let c = -13 + f. What is the highest common factor of c and 2?
2
Let l = 164 + -159. Suppose -4*i - l*v = 5, -5*i = -3*i - 2*v - 20. Suppose g = -0*g + 40. Calculate the highest common factor of g and i.
5
Let u(z) = -z**2 - 4*z - 5. Let r be u(-3). Let s(g) = 8*g**2 - 9*g - 19. Let v be s(r). What is the greatest common divisor of v and 124?
31
Let x(q) = 10*q + 86. Let f be x(-8). Suppose f*r + 219 = 867. Calculate the greatest common factor of r and 81.
27
Suppose 124*j - 199 = 545. What is the greatest common divisor of j and 10?
2
Let k = 103 + 112. Let z be 129/(3 - (7 - (2 + 3))). What is the greatest common divisor of z and k?
43
Let w(g) = 8*g**3 - g - 1. Let f be w(-5). Let a = f - -1656. Suppose 5*o - a = -5*o. Calculate the highest common divisor of 22 and o.
22
Suppose 64*n = -7*n + 74875 + 15295. What is the greatest common factor of 10 and n?
10
Suppose 76 = -2*x - 3*p, p + 35 + 5 = -x. Let t be (-212)/x + 6/33. Suppose 2*k + t*d = 60, -d - 46 = -k - 2. What is the greatest common divisor of k and 32?
8
Suppose 263 = 32*g - f, 2*f = 2 - 16. Calculate the highest common divisor of 6824 and g.
8
Let b = 4526 - -5851. What is the highest common factor of b and 18?
9
Let f = 99 - 75. Suppose f*b + 4*b - 504 = 0. What is the highest 